{"id":2289,"date":"2015-05-12T13:12:09","date_gmt":"2015-05-12T11:12:09","guid":{"rendered":"http:\/\/www.neumayerschule.de\/?page_id=2289"},"modified":"2016-10-23T18:57:15","modified_gmt":"2016-10-23T16:57:15","slug":"schulweg","status":"publish","type":"page","link":"https:\/\/www.neumayerschule.de\/?page_id=2289","title":{"rendered":"Schulweg\/Bustransport"},"content":{"rendered":"<div id=\"pl-2289\"  class=\"panel-layout\" ><div id=\"pg-2289-0\"  class=\"panel-grid panel-no-style\" ><div id=\"pgc-2289-0-0\"  class=\"panel-grid-cell\" ><div id=\"panel-2289-0-0-0\" class=\"so-panel widget widget_black-studio-tinymce widget_black_studio_tinymce panel-first-child panel-last-child\" data-index=\"0\" ><h3 class=\"widget-title\">Schulweg \/ Bustransport<\/h3><div class=\"textwidget\"><p>Im \u00a7 69 d Schulgesetz von Rheinland-Pfalz wird die Bef\u00f6rderung der Sch\u00fclerinnen und Sch\u00fcler geregelt.<\/p>\n<p>Die Zust\u00e4ndigkeit f\u00fcr die Sch\u00fclerbef\u00f6rderung an der Schule mit dem F\u00f6rderschwerpunkt Sprache liegt bei der Stadt Frankenthal. Sie sorgt f\u00fcr die Bef\u00f6rderung der Kinder, wenn f\u00fcr diese der Schulweg ohne Benutzung eines Verkehrsmittels nicht zumutbar ist.<\/p>\n<p>Diese Kinder werden morgens mit einem Schulbus zur Schule gebracht und nach Schulschluss wieder nach Hause gebracht. Die Stadt Frankenthal beauftragt dazu ein Busunternehmen. Eingesetzt werden Kleinbusse, die jeweils 8 Sch\u00fcler transportieren.<\/p>\n<p>Die Sch\u00fclerbusse fahren nach einem bestimmten Fahrplan, den die Stadt Frankenthal gemeinsam mit dem Busunternehmen erstellt. Die Stadt Frankenthal und das Busunternehmen legen auch die Haltestellen fest.<\/p>\n<p>Die Sch\u00fclerbef\u00f6rderung ist f\u00fcr die Eltern kostenlos.<\/p>\n<\/div><\/div><\/div><\/div><\/div>","protected":false},"excerpt":{"rendered":"<p>Im \u00a7 69 d Schulgesetz von Rheinland-Pfalz wird die Bef\u00f6rderung der Sch\u00fclerinnen und Sch\u00fcler geregelt.Die Zust\u00e4ndigkeit f\u00fcr die Sch\u00fclerbef\u00f6rderung an der Schule mit dem F\u00f6rderschwerpunkt Sprache liegt bei der Stadt Frankenthal. Sie sorgt f\u00fcr die Bef\u00f6rderung der Kinder, wenn f\u00fcr diese der Schulweg ohne Benutzung eines Verkehrsmittels nicht zumutbar ist.Diese Kinder werden morgens mit einem &hellip;<\/p>\n","protected":false},"author":1,"featured_media":0,"parent":0,"menu_order":0,"comment_status":"closed","ping_status":"closed","template":"","meta":{"footnotes":""},"class_list":["post-2289","page","type-page","status-publish","hentry"],"_links":{"self":[{"href":"https:\/\/www.neumayerschule.de\/index.php?rest_route=\/wp\/v2\/pages\/2289","targetHints":{"allow":["GET"]}}],"collection":[{"href":"https:\/\/www.neumayerschule.de\/index.php?rest_route=\/wp\/v2\/pages"}],"about":[{"href":"https:\/\/www.neumayerschule.de\/index.php?rest_route=\/wp\/v2\/types\/page"}],"author":[{"embeddable":true,"href":"https:\/\/www.neumayerschule.de\/index.php?rest_route=\/wp\/v2\/users\/1"}],"replies":[{"embeddable":true,"href":"https:\/\/www.neumayerschule.de\/index.php?rest_route=%2Fwp%2Fv2%2Fcomments&post=2289"}],"version-history":[{"count":0,"href":"https:\/\/www.neumayerschule.de\/index.php?rest_route=\/wp\/v2\/pages\/2289\/revisions"}],"wp:attachment":[{"href":"https:\/\/www.neumayerschule.de\/index.php?rest_route=%2Fwp%2Fv2%2Fmedia&parent=2289"}],"curies":[{"name":"wp","href":"https:\/\/api.w.org\/{rel}","templated":true}]}}