{"id":2296,"date":"2015-05-13T11:43:52","date_gmt":"2015-05-13T09:43:52","guid":{"rendered":"http:\/\/www.neumayerschule.de\/?page_id=2296"},"modified":"2017-07-05T19:50:28","modified_gmt":"2017-07-05T17:50:28","slug":"unsere-schuelerinnen-und-schueler","status":"publish","type":"page","link":"https:\/\/www.neumayerschule.de\/?page_id=2296","title":{"rendered":"Sch\u00fcler\/innen"},"content":{"rendered":"<div id=\"pl-2296\"  class=\"panel-layout\" ><div id=\"pg-2296-0\"  class=\"panel-grid panel-no-style\" ><div id=\"pgc-2296-0-0\"  class=\"panel-grid-cell\" ><div id=\"panel-2296-0-0-0\" class=\"so-panel widget widget_black-studio-tinymce widget_black_studio_tinymce panel-first-child panel-last-child\" data-index=\"0\" ><h3 class=\"widget-title\">Sch\u00fcler\/innen<\/h3><div class=\"textwidget\"><p>In unsere Schule nehmen wir schulpflichtige Kinder und Kann-Kinder auf, die in ihren sprachlichen F\u00e4higkeiten umf\u00e4nglich beeintr\u00e4chtigt sind.<\/p>\n<p>Die Sch\u00fcler und Sch\u00fclerinnen sind normal begabt und werden nach den Zielen der Grundschule unterrichtet.<\/p>\n<p>Aufgrund ihres hohen sprachlichen F\u00f6rderbedarfs ben\u00f6tigen sie eine intensive sprachliche F\u00f6rderung in allen Unterrichtsf\u00e4chern sowie gezielte (spezifische) individuelle F\u00f6rderma\u00dfnahmen.<\/p>\n<p>Die Sprachbeeintr\u00e4chtigungen unserer Sch\u00fclerinnen und Sch\u00fcler k\u00f6nnen sich in ganz unterschiedlichen Bereichen zeigen.<\/p>\n<p>Man unterscheidet vier Sprachebenen, die in ihrer Entwicklung beeintr\u00e4chtigt sein k\u00f6nnen und bei der F\u00f6rderung besonders in den Blick genommen werden.<\/p>\n<ol>\n<li><strong>Aussprache ( Phonetisch- phonologische Sprachebene):<br \/><\/strong><\/li>\n<\/ol>\n<p>Hier unterscheiden wir nach phonetischen und phonologischen Auff\u00e4lligkeiten in der Aussprache des Kindes.<\/p>\n<p><u>phonetisch:<\/u><\/p>\n<p>Das Kind kann einige Laute noch nicht bilden und deshalb werden sie von ihm entweder ausgelassen oder durch einen anderen Laut ersetzt.<\/p>\n<p><u>phonologisch:<\/u><\/p>\n<p>Das Kind kann den Laut\/ die Laute korrekt bilden, kann ihn\/ sie aber noch nicht im richtigen Bedeutungszusammenhang anwenden. Hier unterscheidet man verschiedene phonologische Prozesse:<\/p>\n<p>Beispiele:<\/p>\n<p>Substitutionsprozesse (Ersetzung eines Lautes durch einen anderen):<\/p>\n<p>- \u201eHakete\u201c statt \u201eRakete\u201c<\/p>\n<p>Silbenstrukturprozesse (Auslassen oder Hinzuf\u00fcgen von Lauten oder Silben):<\/p>\n<p>- \u201etelenieren\u201c statt \u201etelefonieren\u201c<\/p>\n<p>- \u201eBume\u201c statt \u201eBlume\u201c<\/p>\n<p>Harmonisierungsprozesse (Angleichen des Lautes an einen anderen Laut im Wort):<\/p>\n<p>- \u201eDans\u201c statt \u201eGans\u201c<\/p>\n<p>- \u201ekrinken\u201c statt \u201etrinken\u201c \u201eKakete\u201c statt \u201eRakete\u201c<\/p>\n<ol start=\"2\">\n<li><strong>Grammatik (Morphologisch- syntaktische Ebene):<\/strong><\/li>\n<\/ol>\n<p>Auf dieser Ebene zeigt das Kind Schwierigkeiten bei der Nutzung des grammatischen Regelsystems der Sprache (falsche Verbformen, falsche Nutzung von Plural oder Artikeln\u2026) und\/ oder bei der Satzbildung (falsche Wortfolge im Satz, Auslassen wichtiger W\u00f6rter).<\/p>\n<ol start=\"3\">\n<li><strong>Wortschatz und Sprachverst\u00e4ndnis (Semantisch- lexikalische Ebene):<\/strong><\/li>\n<\/ol>\n<p><u>Wortschatz und Begriffsbildung:<\/u><\/p>\n<p>Das Kind verf\u00fcgt \u00fcber einen nicht altersgem\u00e4\u00dfen, eingeschr\u00e4nkten Wortschatz und\/oder benutzt W\u00f6rter in ihrer falschen Bedeutung.<\/p>\n<p>Es hilft sich h\u00e4ufig mit Umschreibungen (z. B.: \u201ezum Musik machen\u201c f\u00fcr das Wort \u201eGitarre\u201c) oder verwendet allgemeine Begriffe (z.B. \u201eBlume\u201c f\u00fcr alle Pflanzenarten).<\/p>\n<p>Teilweise kommt es auch zu sogenannten Wortfindungsst\u00f6rungen. Das Kind kann ein bereits abgespeichertes Wort beim spontanen Sprechen nicht unmittelbar aus dem Ged\u00e4chtnis abrufen.<\/p>\n<p>Das Kind umschreibt dann den gesuchten Begriff, es \u00fcberbr\u00fcckt sein Suchen mit F\u00fcllw\u00f6rtern, wie \u201e\u00c4hm\u201c oder es verwendet W\u00f6rter wie \u201eDings\u201c.<\/p>\n<p><u>Sprachverst\u00e4ndnis:<\/u><\/p>\n<p>Auch bedingt durch den fehlenden Wortschatz \u00a0kann das Kind\u00a0 sprachliche \u00c4u\u00dferungen, Mitteilungen und Anweisungen \u00a0nicht altersentsprechend verstehen und auch nicht passend darauf eingehen.<\/p>\n<p>Das Kind entwickelt Strategien um das Nichtverstehen zu \u00fcberspielen. Es wartet beispielsweise zun\u00e4chst einmal ab, was die anderen Kinder machen, bevor es auf eine Anweisung reagiert<strong>. <\/strong>Es gibt ausweichende Antworten wie \u201eJa\u201c, \u201eIch fang ja schon an.\u201c oder \u201eIch hab es wieder vergessen.\u201c<\/p>\n<ol start=\"4\">\n<li><strong>Gespr\u00e4chsverhalten und Sprechweise (Kommunikativ-pragmatische Ebene<\/strong>):<\/li>\n<\/ol>\n<p>Diese Ebene beschreibt die F\u00e4higkeit, ein der Kommunikationssituation angemessenes Sprechverhalten anzuwenden. Auff\u00e4lligkeiten k\u00f6nnen sich in den Bereich Mimik, Gestik, Blickkontakt, Lautst\u00e4rke, Sprechfreude und Gespr\u00e4chsf\u00fchrung zeigen.<\/p>\n<ol start=\"5\">\n<li>Auch der <strong>Redefluss<\/strong> kann betroffen sein.<\/li>\n<\/ol>\n<p>Hierzu geh\u00f6ren das Stottern, das Poltern und der Mutismus.<\/p>\n<p><u>Stottern:<\/u><\/p>\n<p>Es kommt beim Sprechen zu Wiederholungen von Lauten, Silben oder W\u00f6rtern (klonisches Stottern) oder das Kind bleibt, aufgrund von Verspannungen (durch starkes Pressen oder durch Mitbewegungen des Gesichts) im Redefluss h\u00e4ngen und blockiert (tonisches Stottern).<\/p>\n<p><u>Poltern:<\/u><\/p>\n<p>Beim Poltern ist die Aussprache des Kindes aufgrund seiner \u00fcberhasteten Sprechweise oftmals sehr undeutlich. Es kommt zum \u00fcberst\u00fcrzten Wiederholen von Silben oder W\u00f6rtern, zu Wortverk\u00fcrzungen oder Umstellungen.<\/p>\n<p>Der sprachliche R\u00fcckzug bis hin zur Verweigerung bezeichnet man als <u>Mutismus:<\/u><\/p>\n<p>Nachdem das Kind bereits das Sprechen erworben hat, kommt es zu einer Verweigerung des Sprechens. Das Kind spricht entweder \u00fcberhaupt nicht mehr oder nur noch mit ausgew\u00e4hlten Personen oder in bestimmten Situationen.<\/p>\n<p>Die Schwierigkeiten der Kinder in den verschiedenen Bereichen der Sprache haben auch <strong>Auswirkungen auf das Lesen und Schreiben lernen<\/strong>. Sie ben\u00f6tigen beim Lese- und Schreiblernprozess eine besondere unterrichtliche Begleitung.<\/p>\n<\/div><\/div><\/div><\/div><\/div>","protected":false},"excerpt":{"rendered":"<p>In unsere Schule nehmen wir schulpflichtige Kinder und Kann-Kinder auf, die in ihren sprachlichen F\u00e4higkeiten umf\u00e4nglich beeintr\u00e4chtigt sind.Die Sch\u00fcler und Sch\u00fclerinnen sind normal begabt und werden nach den Zielen der Grundschule unterrichtet.Aufgrund ihres hohen sprachlichen F\u00f6rderbedarfs ben\u00f6tigen sie eine intensive sprachliche F\u00f6rderung in allen Unterrichtsf\u00e4chern sowie gezielte (spezifische) individuelle F\u00f6rderma\u00dfnahmen.Die Sprachbeeintr\u00e4chtigungen unserer Sch\u00fclerinnen und Sch\u00fcler &hellip;<\/p>\n","protected":false},"author":1,"featured_media":0,"parent":0,"menu_order":0,"comment_status":"closed","ping_status":"closed","template":"","meta":{"footnotes":""},"class_list":["post-2296","page","type-page","status-publish","hentry"],"_links":{"self":[{"href":"https:\/\/www.neumayerschule.de\/index.php?rest_route=\/wp\/v2\/pages\/2296","targetHints":{"allow":["GET"]}}],"collection":[{"href":"https:\/\/www.neumayerschule.de\/index.php?rest_route=\/wp\/v2\/pages"}],"about":[{"href":"https:\/\/www.neumayerschule.de\/index.php?rest_route=\/wp\/v2\/types\/page"}],"author":[{"embeddable":true,"href":"https:\/\/www.neumayerschule.de\/index.php?rest_route=\/wp\/v2\/users\/1"}],"replies":[{"embeddable":true,"href":"https:\/\/www.neumayerschule.de\/index.php?rest_route=%2Fwp%2Fv2%2Fcomments&post=2296"}],"version-history":[{"count":0,"href":"https:\/\/www.neumayerschule.de\/index.php?rest_route=\/wp\/v2\/pages\/2296\/revisions"}],"wp:attachment":[{"href":"https:\/\/www.neumayerschule.de\/index.php?rest_route=%2Fwp%2Fv2%2Fmedia&parent=2296"}],"curies":[{"name":"wp","href":"https:\/\/api.w.org\/{rel}","templated":true}]}}

Schüler/innen

<div id="pl-2296"  class="panel-layout" ><div id="pg-2296-0"  class="panel-grid panel-no-style" ><div id="pgc-2296-0-0"  class="panel-grid-cell" ><div id="panel-2296-0-0-0" class="so-panel widget widget_black-studio-tinymce widget_black_studio_tinymce panel-first-child panel-last-child" data-index="0" ><h3 class="widget-title">Schüler/innen</h3><div class="textwidget"><p>In unsere Schule nehmen wir schulpflichtige Kinder und Kann-Kinder auf, die in ihren sprachlichen Fähigkeiten umfänglich beeinträchtigt sind.</p>
<p>Die Schüler und Schülerinnen sind normal begabt und werden nach den Zielen der Grundschule unterrichtet.</p>
<p>Aufgrund ihres hohen sprachlichen Förderbedarfs benötigen sie eine intensive sprachliche Förderung in allen Unterrichtsfächern sowie gezielte (spezifische) individuelle Fördermaßnahmen.</p>
<p>Die Sprachbeeinträchtigungen unserer Schülerinnen und Schüler können sich in ganz unterschiedlichen Bereichen zeigen.</p>
<p>Man unterscheidet vier Sprachebenen, die in ihrer Entwicklung beeinträchtigt sein können und bei der Förderung besonders in den Blick genommen werden.</p>
<ol>
<li><strong>Aussprache ( Phonetisch- phonologische Sprachebene):<br /></strong></li>
</ol>
<p>Hier unterscheiden wir nach phonetischen und phonologischen Auffälligkeiten in der Aussprache des Kindes.</p>
<p><u>phonetisch:</u></p>
<p>Das Kind kann einige Laute noch nicht bilden und deshalb werden sie von ihm entweder ausgelassen oder durch einen anderen Laut ersetzt.</p>
<p><u>phonologisch:</u></p>
<p>Das Kind kann den Laut/ die Laute korrekt bilden, kann ihn/ sie aber noch nicht im richtigen Bedeutungszusammenhang anwenden. Hier unterscheidet man verschiedene phonologische Prozesse:</p>
<p>Beispiele:</p>
<p>Substitutionsprozesse (Ersetzung eines Lautes durch einen anderen):</p>
<p>- „Hakete“ statt „Rakete“</p>
<p>Silbenstrukturprozesse (Auslassen oder Hinzufügen von Lauten oder Silben):</p>
<p>- „telenieren“ statt „telefonieren“</p>
<p>- „Bume“ statt „Blume“</p>
<p>Harmonisierungsprozesse (Angleichen des Lautes an einen anderen Laut im Wort):</p>
<p>- „Dans“ statt „Gans“</p>
<p>- „krinken“ statt „trinken“ „Kakete“ statt „Rakete“</p>
<ol start="2">
<li><strong>Grammatik (Morphologisch- syntaktische Ebene):</strong></li>
</ol>
<p>Auf dieser Ebene zeigt das Kind Schwierigkeiten bei der Nutzung des grammatischen Regelsystems der Sprache (falsche Verbformen, falsche Nutzung von Plural oder Artikeln…) und/ oder bei der Satzbildung (falsche Wortfolge im Satz, Auslassen wichtiger Wörter).</p>
<ol start="3">
<li><strong>Wortschatz und Sprachverständnis (Semantisch- lexikalische Ebene):</strong></li>
</ol>
<p><u>Wortschatz und Begriffsbildung:</u></p>
<p>Das Kind verfügt über einen nicht altersgemäßen, eingeschränkten Wortschatz und/oder benutzt Wörter in ihrer falschen Bedeutung.</p>
<p>Es hilft sich häufig mit Umschreibungen (z. B.: „zum Musik machen“ für das Wort „Gitarre“) oder verwendet allgemeine Begriffe (z.B. „Blume“ für alle Pflanzenarten).</p>
<p>Teilweise kommt es auch zu sogenannten Wortfindungsstörungen. Das Kind kann ein bereits abgespeichertes Wort beim spontanen Sprechen nicht unmittelbar aus dem Gedächtnis abrufen.</p>
<p>Das Kind umschreibt dann den gesuchten Begriff, es überbrückt sein Suchen mit Füllwörtern, wie „Ähm“ oder es verwendet Wörter wie „Dings“.</p>
<p><u>Sprachverständnis:</u></p>
<p>Auch bedingt durch den fehlenden Wortschatz  kann das Kind  sprachliche Äußerungen, Mitteilungen und Anweisungen  nicht altersentsprechend verstehen und auch nicht passend darauf eingehen.</p>
<p>Das Kind entwickelt Strategien um das Nichtverstehen zu überspielen. Es wartet beispielsweise zunächst einmal ab, was die anderen Kinder machen, bevor es auf eine Anweisung reagiert<strong>. </strong>Es gibt ausweichende Antworten wie „Ja“, „Ich fang ja schon an.“ oder „Ich hab es wieder vergessen.“</p>
<ol start="4">
<li><strong>Gesprächsverhalten und Sprechweise (Kommunikativ-pragmatische Ebene</strong>):</li>
</ol>
<p>Diese Ebene beschreibt die Fähigkeit, ein der Kommunikationssituation angemessenes Sprechverhalten anzuwenden. Auffälligkeiten können sich in den Bereich Mimik, Gestik, Blickkontakt, Lautstärke, Sprechfreude und Gesprächsführung zeigen.</p>
<ol start="5">
<li>Auch der <strong>Redefluss</strong> kann betroffen sein.</li>
</ol>
<p>Hierzu gehören das Stottern, das Poltern und der Mutismus.</p>
<p><u>Stottern:</u></p>
<p>Es kommt beim Sprechen zu Wiederholungen von Lauten, Silben oder Wörtern (klonisches Stottern) oder das Kind bleibt, aufgrund von Verspannungen (durch starkes Pressen oder durch Mitbewegungen des Gesichts) im Redefluss hängen und blockiert (tonisches Stottern).</p>
<p><u>Poltern:</u></p>
<p>Beim Poltern ist die Aussprache des Kindes aufgrund seiner überhasteten Sprechweise oftmals sehr undeutlich. Es kommt zum überstürzten Wiederholen von Silben oder Wörtern, zu Wortverkürzungen oder Umstellungen.</p>
<p>Der sprachliche Rückzug bis hin zur Verweigerung bezeichnet man als <u>Mutismus:</u></p>
<p>Nachdem das Kind bereits das Sprechen erworben hat, kommt es zu einer Verweigerung des Sprechens. Das Kind spricht entweder überhaupt nicht mehr oder nur noch mit ausgewählten Personen oder in bestimmten Situationen.</p>
<p>Die Schwierigkeiten der Kinder in den verschiedenen Bereichen der Sprache haben auch <strong>Auswirkungen auf das Lesen und Schreiben lernen</strong>. Sie benötigen beim Lese- und Schreiblernprozess eine besondere unterrichtliche Begleitung.</p>
</div></div></div></div></div>

<p>In unsere Schule nehmen wir schulpflichtige Kinder und Kann-Kinder auf, die in ihren sprachlichen Fähigkeiten umfänglich beeinträchtigt sind.Die Schüler und Schülerinnen sind normal begabt und werden nach den Zielen der Grundschule unterrichtet.Aufgrund ihres hohen sprachlichen Förderbedarfs benötigen sie eine intensive sprachliche Förderung in allen Unterrichtsfächern sowie gezielte (spezifische) individuelle Fördermaßnahmen.Die Sprachbeeinträchtigungen unserer Schülerinnen und Schüler &hellip;</p>
