{"id":2330,"date":"2015-05-13T12:16:59","date_gmt":"2015-05-13T10:16:59","guid":{"rendered":"http:\/\/www.neumayerschule.de\/?page_id=2330"},"modified":"2015-05-22T11:17:49","modified_gmt":"2015-05-22T09:17:49","slug":"links","status":"publish","type":"page","link":"https:\/\/www.neumayerschule.de\/?page_id=2330","title":{"rendered":"Links"},"content":{"rendered":"<div id=\"pl-2330\"  class=\"panel-layout\" ><div id=\"pg-2330-0\"  class=\"panel-grid panel-no-style\" ><div id=\"pgc-2330-0-0\"  class=\"panel-grid-cell\" ><div id=\"panel-2330-0-0-0\" class=\"so-panel widget widget_black-studio-tinymce widget_black_studio_tinymce panel-first-child panel-last-child\" data-index=\"0\" ><h3 class=\"widget-title\">Links<\/h3><div class=\"textwidget\"><h4><\/h4>\n<ul>\n<li>\n<h4><a href=\"http:\/\/www.dgs-ev.de\/\" target=\"_blank\">Deutsche Gesellschaft f\u00fcr Sprachheilp\u00e4dagogik<\/a><\/h4>\n<\/li>\n<li>\n<h4><a href=\"http:\/\/sprachheilwiki.dgs-ev.de\/\" target=\"_blank\">Sprachheilwiki<\/a><\/h4>\n<\/li>\n<li>\n<h4><a href=\"http:\/\/www.kinderzentrum-ludwigshafen.de\/\" target=\"_blank\">Kinderzentrum Ludwigshafen<\/a><\/h4>\n<\/li>\n<li>\n<h4><a href=\"http:\/\/www.frankenthal.de\/sv_frankenthal\/\" target=\"_blank\">Schultr\u00e4ger<\/a><\/h4>\n<\/li>\n<\/ul>\n<p>&nbsp;<\/p>\n<\/div><\/div><\/div><\/div><\/div>","protected":false},"excerpt":{"rendered":"<p>Deutsche Gesellschaft f\u00fcr Sprachheilp\u00e4dagogik Sprachheilwiki Kinderzentrum Ludwigshafen Schultr\u00e4ger &nbsp;<\/p>\n","protected":false},"author":1,"featured_media":0,"parent":0,"menu_order":0,"comment_status":"closed","ping_status":"closed","template":"","meta":{"footnotes":""},"class_list":["post-2330","page","type-page","status-publish","hentry"],"_links":{"self":[{"href":"https:\/\/www.neumayerschule.de\/index.php?rest_route=\/wp\/v2\/pages\/2330","targetHints":{"allow":["GET"]}}],"collection":[{"href":"https:\/\/www.neumayerschule.de\/index.php?rest_route=\/wp\/v2\/pages"}],"about":[{"href":"https:\/\/www.neumayerschule.de\/index.php?rest_route=\/wp\/v2\/types\/page"}],"author":[{"embeddable":true,"href":"https:\/\/www.neumayerschule.de\/index.php?rest_route=\/wp\/v2\/users\/1"}],"replies":[{"embeddable":true,"href":"https:\/\/www.neumayerschule.de\/index.php?rest_route=%2Fwp%2Fv2%2Fcomments&post=2330"}],"version-history":[{"count":0,"href":"https:\/\/www.neumayerschule.de\/index.php?rest_route=\/wp\/v2\/pages\/2330\/revisions"}],"wp:attachment":[{"href":"https:\/\/www.neumayerschule.de\/index.php?rest_route=%2Fwp%2Fv2%2Fmedia&parent=2330"}],"curies":[{"name":"wp","href":"https:\/\/api.w.org\/{rel}","templated":true}]}}